hat is the greatest common divisor of g and 10?
10
Suppose -17 = -4*x - 41. Let j(k) = 2*k**2 + 9*k + 5. Let f be j(x). What is the highest common factor of f and 184?
23
Let f be (2 - 83) + (1 - 2). Let m be 5*(-3 - f/10). Let d be -5*-26*3/10. What is the greatest common divisor of d and m?
13
Suppose 13*i = 18*i. Let h be (4 - i)/(4/48). Calculate the greatest common divisor of h and 6.
6
Suppose 0 = 2*k - 86 - 6. Let b be (-4)/5*(1 - k). Suppose b = 4*z - a + 5*a, -2*z + 2*a + 22 = 0. Calculate the greatest common factor of z and 15.
5
Let u(c) = 3*c**2 - 3*c + 12. Suppose 0 = -0*n + 3*n + 15. Let w be u(n). What is the highest common factor of 68 and w?
34
Suppose -y + 5*t = 7, 0 = y + 3*t + t - 2. Let q be (6/(-5))/(y/30). Calculate the greatest common factor of 126 and q.
18
Let j(p) = 22*p - 2. Let h be j(5). Suppose -340 - h = -4*d. Let a be (-6)/(-90)*-2*3*-35. Calculate the highest common factor of a and d.
14
Suppose 0 = -5*j + 2*j - 3. Let v(m) = 14*m**2 - m - 1. Let i be v(j). What is the highest common factor of 35 and i?
7
Let a = -10 - -14. Let h be (3 + -3)/(1 + 1). Let m be -6*(h + -1 + -1). What is the greatest common divisor of m and a?
4
Suppose 0 = -n - 2*n. Let x be (4 + 0)/(2 + n). Suppose -4*l - 7*r - 3 = -x*r, 15 = 4*l - r. What is the highest common factor of 9 and l?
3
Let z be (-1)/(-2*3/60). Calculate the highest common divisor of z and 80.
10
Suppose 0 = -d - 0 - 3, -5*a = d - 187. Suppose 0 = 2*p - 3*x - 3 - 14, -a = -3*p + 2*x. Calculate the highest common factor of p and 8.
8
Let g = -9 + 18. Suppose -4*x - 15 = -63. Suppose -2*f = 2*y - f - 51, -4*f = x. Calculate the greatest common divisor of y and g.
9
Suppose 5*q = 66 + 34. Suppose 7*i = 2*i. Let n = i - -4. Calculate the highest common divisor of q and n.
4
Let g be 45 + 6/(-2 - 1). Let z = 21 + g. Let m(a) = 9*a - 2. Let w be m(2). Calculate the highest common factor of z and w.
16
Suppose -2*h + 56 = 2*r + h, -3*h = 4*r - 100. What is the highest common factor of r and 55?
11
Let f be 2/(-5) + (-1806)/(-15). Suppose q - 8 = -3. Suppose q*y - f = y. Calculate the greatest common factor of y and 6.
6
Let a(q) = 3*q**3 + 4*q**2 - 2. Let j be a(3). Calculate the greatest common factor of j and 46.
23
Suppose -3*w = -7*w + 5*j + 10, 3*j + 6 = 0. Suppose -5*m + 4*m + 110 = w. Calculate the highest common factor of 22 and m.
22
Let f(v) = 2*v**2 - 1 + 13*v**3 + 0 + 0. Let k be f(1). Calculate the highest common divisor of k and 21.
7
Let k be 6/(-18)*(-60)/2. Calculate the greatest common factor of k and 40.
10
Let p = 17 - 7. Suppose p = t + t. Suppose -y = 2*g - 3 - 2, -5*g = 4*y - 14. What is the highest common factor of y and t?
1
Suppose 5*h + 7 = -3. Let d be 0*h/(-6) - -6. Suppose d*u - 3*u - 81 = 0. Calculate the greatest common factor of 9 and u.
9
Suppose 151 + 17 = 6*v. Calculate the highest common factor of v and 7.
7
Let j be (-2)/12*4 - 100/(-6). Suppose 2*g - 3 - 1 = 0. Suppose 2*t = y - 1, -y - 3*y = g*t - 24. What is the greatest common divisor of t and j?
2
Suppose 5*k = 0, 5*b + 4*k = 6*k + 130. What is the greatest common divisor of b and 13?
13
Let m(v) = 14*v - 1. Let p be m(1). What is the highest common factor of p and 78?
13
Let w = 30 - 16. What is the greatest common factor of w and 56?
14
Suppose n + 5 = 5*t, 2*n - 3*t = -2*n + 31. Let f = n - 14. Let q be 31/4 + (-1)/f. Calculate the highest common factor of q and 24.
8
Let x(u) = -9*u + 31. Let b be x(-9). Calculate the highest common divisor of 16 and b.
16
Suppose -3*r - 80 = -2*a, -4*r - 10 = r. Let c = 76 - a. What is the greatest common divisor of c and 26?
13
Let x be (-1 + 3 - 4)/1. Let t be 1 + (-58)/(1*x). Let i = 10 - -5. What is the highest common factor of t and i?
15
Suppose 0*x + x - 4 = 0. What is the greatest common divisor of x and 4?
4
Suppose -1 = -n + 2. Suppose n*u - d = 2, 2*u + 16 = 4*u + 3*d. Let o(y) = -y - 1. Let a be o(-2). What is the greatest common divisor of u and a?
1
Suppose r - 88 = 2*r. Let d = -52 - r. What is the highest common factor of 9 and d?
9
Let l(f) = f**2 + 5*f + 14. Let x be l(-8). Calculate the greatest common factor of 38 and x.
38
Suppose -5*q = -6*v + 2*v + 63, -2*q - 6 = 0. What is the greatest common factor of v and 108?
12
Let i be (-1)/(-6) + 382/12. Suppose -i = -2*t - 0*t. What is the greatest common factor of t and 16?
16
Suppose -5*u + 66 = 6. Suppose 0 = 3*m - 1 - 2, -u = -h - m. Let p(i) = -34*i - 1. Let v be p(-1). What is the greatest common divisor of v and h?
11
Let u(o) = o**3 - 8*o**2 + 15*o + 5. Let x be u(6). What is the greatest common divisor of 23 and x?
23
Let y(p) be the third derivative of 5*p**4/24 - p**3/2 - 3*p**2. Let f be y(2). Calculate the highest common divisor of 21 and f.
7
Suppose 6*r = 296 + 184. Calculate the greatest common divisor of r and 32.
16
Let p be 4/(-6) + 798/9. Calculate the greatest common divisor of p and 11.
11
Let m(c) = c**2 - c - 5. Let n be m(-9). What is the greatest common divisor of 17 and n?
17
Let o(b) = 1 + 50*b**3 + 2*b**2 + 28*b - 11*b - 19*b. Let c = -2 + 3. Let s be o(c). What is the highest common factor of 17 and s?
17
Suppose 12 = 4*y - 4*m, 0*y - 2*y - 4*m = -6. What is the greatest common factor of y and 24?
3
Let z(c) = -c**3 + 2*c**2 + 3*c. Let v be z(4). Let d = -11 - v. Suppose -7*r - 19 + 61 = 0. Calculate the greatest common factor of r and d.
3
Suppose 2*m - 3 = -3*u + m, -m = -3*u + 9. Suppose -5*b = 5*r - 25, 0*r - 4*r - 4 = 0. Calculate the greatest common factor of b and u.
2
Let h(p) = p**3 - 14*p**2 + 24*p + 11. Let n be h(12). Calculate the highest common divisor of 143 and n.
11
Let x = 0 - 7. Let l = 22 + x. Let i be 14*-30*3/24*-2. What is the greatest common factor of i and l?
15
Let c(w) = -w**2 - 8*w - 6. Let u be c(-6). Calculate the highest common divisor of 3 and u.
3
Let m = -66 - -84. Suppose -247 = -4*c - h + 406, -c = -3*h - 147. What is the highest common divisor of m and c?
18
Let s(x) = x**3 + 9*x**2 + 6*x + 6. Let t be s(-8). Calculate the greatest common divisor of 22 and t.
22
Suppose 6*n - n - 80 = 0. Let r be (9 - 19)*64/(-10). What is the highest common factor of n and r?
16
Let h = -23 + 39. Let g = 31 - h. Suppose -5*c - l + 0*l + 53 = 0, 2*l = c - g. What is the highest common factor of 22 and c?
11
Let q be (48/3)/(0 + -1). Let i = 23 + q. What is the highest common divisor of i and 14?
7
Let t = -26 - -7. Let a = t - -35. Suppose -x + 0*x = -a. Calculate the highest common factor of x and 48.
16
Suppose -2*f + 34 = -0*f. Calculate the greatest common factor of 17 and f.
17
Let x be (2 - 1)*15/(120/464). What is the highest common factor of 29 and x?
29
Let f = 18 + -17. What is the greatest common divisor of f and 7?
1
Suppose 0 = 22*a - 17*a - 45. Calculate the highest common divisor of 144 and a.
9
Let m(k) = 3*k + 13. Let y be m(-6). Let n be 21/5 - 4/y. Calculate the greatest common factor of 5 and n.
5
Let j be (-3)/(((-27)/(-6))/(-3)). Suppose -45 = -j*i - i. Suppose r - 2*o - 10 = -0*r, 2*o = -5*r + 50. Calculate the greatest common divisor of r and i.
5
Suppose a - 33 = -c + 5, -c + 4*a = -28. Calculate the greatest common divisor of c and 4.
4
Let i(h) = 0*h - 1 - h - 1 + 3. Let m be i(0). What is the highest common factor of 8 and m?
1
Let v(y) = 6*y**2. Let n be v(-1). Let z be (-4)/n + 5/3. Suppose 3*u = 0, -5*u = 4*o - 2*u - 20. Calculate the highest common factor of o and z.
1
Let o(f) = -f**3 - f**2 + f - 2. Let m be o(-2). Suppose m = -3*g + 20 + 4. What is the highest common divisor of g and 24?
8
Let x be (9/(-6))/((-3)/44). Let a = x - 18. What is the greatest common factor of a and 20?
4
Let t = 7 - -4. Let c = 1 - -43. What is the highest common divisor of c and t?
11
Let i = 36 - 12. What is the highest common divisor of 12 and i?
12
Let l be 4*(0 - -1 - -9). Let z = l + -26. Calculate the highest common factor of 7 and z.
7
Let t = 98 + -58. Suppose 0 = 4*z - 4*n - 60, -n + 112 = 5*z + 31. Calculate the greatest common factor of t and z.
8
Let c(d) = 7*d**2 - 2*d. Let o be c(2). Let f = 28 - 12. Calculate the highest common factor of o and f.
8
Let z be (-634)/(-10) - (-39)/65. Calculate the greatest common factor of z and 96.
32
Let u be -2 - (2/1 - 171). Suppose -u = -b + 2*b - 4*q, 3*b + 